 the remainder when 7174 is divided by 159.
19
Calculate the remainder when 12199 is divided by 3048.
7
What is the remainder when 10725 is divided by 10708?
17
What is the remainder when 4698 is divided by 4162?
536
Calculate the remainder when 5145 is divided by 46.
39
What is the remainder when 4534 is divided by 754?
10
What is the remainder when 19078 is divided by 265?
263
Calculate the remainder when 67903 is divided by 67859.
44
Calculate the remainder when 810097 is divided by 38576.
1
Calculate the remainder when 25488 is divided by 37.
32
Calculate the remainder when 382280 is divided by 5461.
10
What is the remainder when 15586 is divided by 2857?
1301
Calculate the remainder when 41313 is divided by 140.
13
What is the remainder when 2073778 is divided by 10?
8
What is the remainder when 33216 is divided by 630?
456
Calculate the remainder when 6802 is divided by 15.
7
What is the remainder when 4987 is divided by 2052?
883
What is the remainder when 1967 is divided by 1890?
77
Calculate the remainder when 85731 is divided by 28493.
252
Calculate the remainder when 74796 is divided by 1526.
22
Calculate the remainder when 361701 is divided by 962.
951
What is the remainder when 58137 is divided by 9684?
33
Calculate the remainder when 1749 is divided by 191.
30
Calculate the remainder when 254752 is divided by 11.
3
Calculate the remainder when 41755 is divided by 52.
51
Calculate the remainder when 13178 is divided by 20.
18
What is the remainder when 39392 is divided by 30?
2
Calculate the remainder when 2886 is divided by 2883.
3
Calculate the remainder when 5735 is divided by 12.
11
Calculate the remainder when 151535 is divided by 36.
11
Calculate the remainder when 766 is divided by 283.
200
What is the remainder when 6627 is divided by 1938?
813
Calculate the remainder when 758 is divided by 65.
43
Calculate the remainder when 1449 is divided by 94.
39
What is the remainder when 6533 is divided by 1025?
383
What is the remainder when 12467 is divided by 403?
377
Calculate the remainder when 24728 is divided by 36.
32
Calculate the remainder when 856273 is divided by 285422.
7
Calculate the remainder when 3563 is divided by 276.
251
What is the remainder when 903694 is divided by 225922?
6
Calculate the remainder when 709710 is divided by 523.
522
Calculate the remainder when 4309417 is divided by 753.
751
What is the remainder when 50177 is divided by 604?
45
Calculate the remainder when 2936259 is divided by 20.
19
What is the remainder when 49280 is divided by 24625?
30
What is the remainder when 11175 is divided by 10945?
230
What is the remainder when 326 is divided by 99?
29
Calculate the remainder when 1555 is divided by 38.
35
What is the remainder when 73100 is divided by 38?
26
What is the remainder when 8112 is divided by 8105?
7
Calculate the remainder when 1595 is divided by 115.
100
What is the remainder when 2626208 is divided by 29?
26
What is the remainder when 25551 is divided by 256?
207
What is the remainder when 457 is divided by 223?
11
Calculate the remainder when 34234 is divided by 17114.
6
What is the remainder when 2221 is divided by 159?
154
What is the remainder when 2174 is divided by 1076?
22
Calculate the remainder when 3150838 is divided by 1155.
1153
Calculate the remainder when 32678 is divided by 2513.
9
Calculate the remainder when 35049 is divided by 406.
133
Calculate the remainder when 52099 is divided by 13022.
11
Calculate the remainder when 19384 is divided by 173.
8
Calculate the remainder when 35696 is divided by 43.
6
What is the remainder when 5826 is divided by 488?
458
Calculate the remainder when 47479 is divided by 8.
7
Calculate the remainder when 5331 is divided by 254.
251
What is the remainder when 543997 is divided by 17?
14
Calculate the remainder when 5305 is divided by 69.
61
Calculate the remainder when 5458 is divided by 36.
22
What is the remainder when 4526 is divided by 1646?
1234
What is the remainder when 419 is divided by 40?
19
What is the remainder when 22946 is divided by 514?
330
What is the remainder when 60774 is divided by 3?
0
Calculate the remainder when 1536 is divided by 86.
74
What is the remainder when 2209 is divided by 563?
520
What is the remainder when 68926 is divided by 124?
106
Calculate the remainder when 14730 is divided by 3671.
46
Calculate the remainder when 5899 is divided by 5898.
1
Calculate the remainder when 1360 is divided by 269.
15
Calculate the remainder when 19765 is divided by 209.
119
Calculate the remainder when 57032 is divided by 51.
14
Calculate the remainder when 139083 is divided by 168.
147
Calculate the remainder when 105532 is divided by 82.
80
Calculate the remainder when 3929 is divided by 206.
15
What is the remainder when 9093 is divided by 18?
3
What is the remainder when 3744 is divided by 422?
368
What is the remainder when 2081 is divided by 60?
41
Calculate the remainder when 552294 is divided by 169.
2
Calculate the remainder when 3775 is divided by 3137.
638
Calculate the remainder when 12296 is divided by 1424.
904
Calculate the remainder when 1342 is divided by 1289.
53
What is the remainder when 8061 is divided by 167?
45
What is the remainder when 12445 is divided by 6207?
31
What is the remainder when 38131 is divided by 38111?
20
Calculate the remainder when 26818 is divided by 839.
809
Calculate the remainder when 43463 is divided by 115.
108
What is the remainder when 7590 is divided by 242?
88
What is the remainder when 18053 is divided by 5937?
242
What is the remainder when 6686 is divided by 189?
71
Calculate the remainder when 596911 is divided by 157.
154
Calculate the remainder when 9428 is divided by 2346.
44
Calculate the remainder when 121278 is divided by 60627.
24
What is the remainder when 342623 is divided by 24?
23
Calculate the remainder when 2110 is divided by 328.
142
What is the remainder when 2925 is divided by 2605?
320
Calculate the remainder when 63935 is divided by 10.
5
Calculate the remainder when 1725 is divided by 855.
15
Calculate the remainder when 1834 is divided by 732.
370
Calculate the remainder when 68820 is divided by 481.
37
What is the remainder when 522313 is divided by 522293?
20
Calculate the remainder when 6912 is divided by 52.
48
Calculate the remainder when 1181 is divided by 559.
63
What is the remainder when 9835 is divided by 596?
299
What is the remainder when 698 is divided by 72?
50
What is the remainder when 9246 is divided by 368?
46
Calculate the remainder when 87405 is divided by 29103.
96
What is the remainder when 86330 is divided by 10791?
2
Calculate the remainder when 726 is divided by 77.
33
What is the remainder when 9103 is divided by 3001?
100
What is the remainder when 70540 is divided by 35233?
74
Calculate the remainder when 40406 is divided by 7.
2
Calculate the remainder when 12348 is divided by 456.
36
Calculate the remainder when 2715 is divided by 194.
193
What is the remainder when 13888 is divided by 935?
798
Calculate the remainder when 14109 is divided by 369.
87
Calculate the remainder when 12149 is divided by 28.
25
Calculate the remainder when 687440 is divided by 5288.
0
What is the remainder when 1153 is divided by 39?
22
What is the remainder when 24048 is divided by 20?
8
What is the remainder when 894 is divided by 39?
36
What is the remainder when 922413 is divided by 33?
30
Calculate the remainder when 1726 is divided by 423.
34
What is the remainder when 155 is divided by 19?
3
Calculate the remainder when 1095 is divided by 18.
15
What is the remainder when 69391 is divided by 1653?
1618
What is the remainder when 7624 is divided by 6795?
829
Calculate the remainder when 59948 is divided by 78.
44
What is the remainder when 63207 is divided by 245?
242
What is the remainder when 1197 is divided by 597?
3
What is the remainder when 11219 is divided by 40?
19
What is the remainder when 6003 is divided by 599?
13
What is the remainder when 18295 is divided by 1143?
7
Calculate the remainder when 125469 is divided by 25.
19
What is the remainder when 146768 is divided by 923?
11
Calculate the remainder when 57548 is divided by 33.
29
Calculate the remainder when 27833 is divided by 6926.
129
Calculate the re